{"id":8073,"date":"2021-10-14T15:22:50","date_gmt":"2021-10-14T15:22:50","guid":{"rendered":"http:\/\/mygoalthemes.com\/demo\/bailly\/?page_id=8073"},"modified":"2025-06-14T12:17:04","modified_gmt":"2025-06-14T09:17:04","slug":"home-1","status":"publish","type":"page","link":"https:\/\/www.gunesdogaltas.com\/","title":{"rendered":"G\u00dcNE\u015e DO\u011eAL TA\u015e"},"content":{"rendered":"","protected":false},"excerpt":{"rendered":"","protected":false},"author":1,"featured_media":11232,"parent":0,"menu_order":0,"comment_status":"closed","ping_status":"closed","template":"","meta":{"_monsterinsights_skip_tracking":false,"_monsterinsights_sitenote_active":false,"_monsterinsights_sitenote_note":"","_monsterinsights_sitenote_category":0,"footnotes":""},"class_list":["post-8073","page","type-page","status-publish","has-post-thumbnail","hentry"],"aioseo_notices":[],"jetpack_sharing_enabled":true,"_links":{"self":[{"href":"https:\/\/www.gunesdogaltas.com\/index.php\/wp-json\/wp\/v2\/pages\/8073","targetHints":{"allow":["GET"]}}],"collection":[{"href":"https:\/\/www.gunesdogaltas.com\/index.php\/wp-json\/wp\/v2\/pages"}],"about":[{"href":"https:\/\/www.gunesdogaltas.com\/index.php\/wp-json\/wp\/v2\/types\/page"}],"author":[{"embeddable":true,"href":"https:\/\/www.gunesdogaltas.com\/index.php\/wp-json\/wp\/v2\/users\/1"}],"replies":[{"embeddable":true,"href":"https:\/\/www.gunesdogaltas.com\/index.php\/wp-json\/wp\/v2\/comments?post=8073"}],"version-history":[{"count":27,"href":"https:\/\/www.gunesdogaltas.com\/index.php\/wp-json\/wp\/v2\/pages\/8073\/revisions"}],"predecessor-version":[{"id":11263,"href":"https:\/\/www.gunesdogaltas.com\/index.php\/wp-json\/wp\/v2\/pages\/8073\/revisions\/11263"}],"wp:featuredmedia":[{"embeddable":true,"href":"https:\/\/www.gunesdogaltas.com\/index.php\/wp-json\/wp\/v2\/media\/11232"}],"wp:attachment":[{"href":"https:\/\/www.gunesdogaltas.com\/index.php\/wp-json\/wp\/v2\/media?parent=8073"}],"curies":[{"name":"wp","href":"https:\/\/api.w.org\/{rel}","templated":true}]}}